{"id":18005,"date":"2025-01-19T11:42:59","date_gmt":"2025-01-19T10:42:59","guid":{"rendered":"https:\/\/freimaurermuseum.ch\/?post_type=tribe_events&#038;p=18005"},"modified":"2025-06-08T07:57:57","modified_gmt":"2025-06-08T05:57:57","slug":"la-massoneria-nei-fumetti","status":"publish","type":"tribe_events","link":"https:\/\/freimaurermuseum.ch\/it\/on\/la-massoneria-nei-fumetti\/","title":{"rendered":"La Massoneria nei fumetti"},"content":{"rendered":"<h4>Conferenza su \u201cLa Massoneria nei fumetti\u201d discussioni e una sessione di firme con gli autori e disegnatori Didier Convard, Denis Falque e Fran\u00e7ois Morel, che viaggeranno da Parigi appositamente per l&#8217;evento.<\/h4>\n<p>La lingua della conferenza \u00e8 il francese. L&#8217;ingresso \u00e8 gratuito.<\/p>\n<p>&nbsp;<br \/>\n<strong>Programma<\/strong><br \/>\n\n<div id=\"tablepress-11-scroll-wrapper\" class=\"tablepress-scroll-wrapper\">\n<table id=\"tablepress-11\" class=\"tablepress tablepress-id-11 tablepress-responsive\">\n<tbody>\n<tr class=\"row-1\">\n\t<td class=\"column-1\">10:00<\/td><td class=\"column-2\">Messaggio di benvenuto<br \/>\nRobin Heizmann, Direttore del Museo<\/td>\n<\/tr>\n<tr class=\"row-2\">\n\t<td class=\"column-1\"><\/td><td class=\"column-2\"><strong>Perch\u00e9 una mostra su \u201cMassoneria e fumetti? <\/strong>.<br \/>\nDominique Alain Freymond, curatore della mostra e moderatore dei colloqui<\/td>\n<\/tr>\n<tr class=\"row-3\">\n\t<td class=\"column-1\">10:30<\/td><td class=\"column-2\"><strong>I retroscena del successo delle serie \u201cIl triangolo segreto\u201d e \u201cL'epopea della Massoneria\u201d<\/strong>.<br \/>\nInterviste con l'autore Didier Convard e l'illustratore Denis Falque<br \/>\nDiscussione con il pubblico<\/td>\n<\/tr>\n<tr class=\"row-4\">\n\t<td class=\"column-1\">11:15<\/td><td class=\"column-2\">Visita commentata della mostra e firma del libro da parte di Didier Convard e Denis Falque<\/td>\n<\/tr>\n<tr class=\"row-5\">\n\t<td class=\"column-1\">12:00<\/td><td class=\"column-2\">Ap\u00e9ro riche<\/td>\n<\/tr>\n<tr class=\"row-6\">\n\t<td class=\"column-1\">14:00<\/td><td class=\"column-2\"><strong>L'umorismo nella Massoneria<\/strong><br \/>\nDiscussione con l'illustratore Fran\u00e7ois Morel, autore di \u201cLes colonnes sont muettes\u201d e \u201cIl en est de m\u00eame \u00e0 l'Orient\u201d.<br \/>\nDiscussione con il pubblico<\/td>\n<\/tr>\n<tr class=\"row-7\">\n\t<td class=\"column-1\">15:15<\/td><td class=\"column-2\">Visita commentata della mostra e firma del libro con Fran\u00e7ois Morel<\/td>\n<\/tr>\n<tr class=\"row-8\">\n\t<td class=\"column-1\">16:30<\/td><td class=\"column-2\">Fine dell'evento<\/td>\n<\/tr>\n<\/tbody>\n<\/table>\n<\/div>\n<!-- #tablepress-11 from cache --><img decoding=\"async\" class=\"aligncenter size-full wp-image-17972\" src=\"https:\/\/freimaurermuseum.ch\/wp-content\/uploads\/2025\/01\/Konf-I-Comics-1.png\" alt=\"\" width=\"600\" srcset=\"https:\/\/freimaurermuseum.ch\/wp-content\/uploads\/2025\/01\/Konf-I-Comics-1.png 1200w, https:\/\/freimaurermuseum.ch\/wp-content\/uploads\/2025\/01\/Konf-I-Comics-1-300x150.png 300w, https:\/\/freimaurermuseum.ch\/wp-content\/uploads\/2025\/01\/Konf-I-Comics-1-1024x512.png 1024w\" sizes=\"(max-width: 1200px) 100vw, 1200px\" \/><\/p>\n<p>&nbsp;<\/p>\n<p><strong>Didier Convard &#8211; autore, illustratore e scenografo di successo<\/strong><\/p>\n<figure id=\"attachment_17947\" aria-describedby=\"caption-attachment-17947\" style=\"width: 250px\" class=\"wp-caption alignright eventbild\"><img fetchpriority=\"high\" decoding=\"async\" class=\"wp-image-17947\" src=\"https:\/\/freimaurermuseum.ch\/wp-content\/uploads\/2025\/01\/Convard-Freymond-1.jpg\" alt=\"Didier Convard &amp; Dominique Freymond\" width=\"250\" height=\"772\" \/><figcaption id=\"caption-attachment-17947\" class=\"wp-caption-text\">Didier Convard &amp; Dominique Freymond<br \/>2023 \u00a9 La R\u00e9gion<\/figcaption><\/figure>\n<p>Didier Convard \u00e8 nato a Parigi nel 1950 ed \u00e8 un amante dell&#8217;esoterismo, del fantasy e dell&#8217;insolito. Ha pubblicato i suoi primi disegni sulla rivista Saga e nel 1982, dopo Fran\u00e7ois Bourgeon, si \u00e8 occupato dei disegni delle avventure di Brunelle e Colin. Ha anche pubblicato una serie fantasy, Chats, con le \u00c9ditions Dargaud.<br \/>\nParallelamente alla sua carriera di illustratore, Didier Convard ha scritto numerosi scenari per Gine, tra cui Neige e Finkel. Il suo album Blake and Mortimer &#8211; The Immovable Adventure (1998) \u00e8 stato tradotto in tedesco, inglese, spagnolo, italiano e portoghese. Nel 2000, in stretta collaborazione con l&#8217;illustratore Denis Falque e grazie a un team versatile, ha portato sul mercato i sette album della serie Il triangolo segreto. Il successo \u00e8 stato travolgente e la serie \u00e8 cresciuta fino a un totale di oltre 30 album, 4 edizioni speciali e diverse edizioni complete, con circa 3 milioni di copie vendute.<br \/>\nNel marzo 2025, Didier Convard completer\u00e0 il 12\u00b0 album della serie L&#8217;epopea della Massoneria, iniziata nel 2020. Didier \u00e8 stato iniziato nella loggia \u201cLa Loi d&#8217;Action et Guillaume Tell r\u00e9unis\u201d n. 475 della Gran Loggia di Francia.<\/p>\n<p>&nbsp;<\/p>\n<p><strong>Denis Falque &#8211; l&#8217;illustratore di talento<\/strong><\/p>\n<figure id=\"attachment_17954\" aria-describedby=\"caption-attachment-17954\" style=\"width: 250px\" class=\"wp-caption alignright eventbild\"><img decoding=\"async\" class=\"wp-image-17954\" src=\"https:\/\/freimaurermuseum.ch\/wp-content\/uploads\/2025\/01\/Falque.jpg\" alt=\"Denis Falque\" width=\"250\" srcset=\"https:\/\/freimaurermuseum.ch\/wp-content\/uploads\/2025\/01\/Falque.jpg 361w, https:\/\/freimaurermuseum.ch\/wp-content\/uploads\/2025\/01\/Falque-300x300.jpg 300w, https:\/\/freimaurermuseum.ch\/wp-content\/uploads\/2025\/01\/Falque-150x150.jpg 150w\" sizes=\"(max-width: 361px) 100vw, 361px\" \/><figcaption id=\"caption-attachment-17954\" class=\"wp-caption-text\">Denis Falque<br \/>\u00a9 Francesca Mantovani, Editions Gl\u00e9nat<\/figcaption><\/figure>\n<p>Denis Falque \u00e8 nato a Lione il 12 giugno 1969 e si \u00e8 formato come disegnatore presso l&#8217;\u00c9cole \u00c9mile Cohl. Dopo alcuni passaggi in un&#8217;agenzia pubblicitaria, ha deciso di avventurarsi nel mondo dei fumetti ed \u00e8 diventato colorista, in particolare per Olivier Berlion e il suo Cadet des Soupetard. Nel 1994, ha disegnato la serie umoristica Graindazur (1994), poi il sognante Le Fond du Monde (1997) e infine Jane con Philippe Bonifay.<br \/>\nDidier Convard e l&#8217;editore Gl\u00e9nat gli hanno chiesto il suo talento per il periodo moderno de Il triangolo segreto (2000). Il successo di questa collaborazione continua con I.N.R.I., Les Gardiens du Sang, Lacrima Christi e Rectificando. Dal 2020, \u00e8 uno dei principali illustratori della serie L&#8217;\u00e9pop\u00e9e de la Franc-Ma\u00e7onnerie (L&#8217;epopea della Massoneria). Denis Falque non \u00e8 un massone.<\/p>\n<p>&nbsp;<\/p>\n<p><strong>Fran\u00e7ois Morel &#8211; la grande finezza dell&#8217;umorismo massonico<\/strong><\/p>\n<figure id=\"attachment_17958\" aria-describedby=\"caption-attachment-17958\" style=\"width: 250px\" class=\"wp-caption alignright eventbild\"><img decoding=\"async\" class=\"wp-image-17958\" src=\"https:\/\/freimaurermuseum.ch\/wp-content\/uploads\/2025\/01\/Francois-Morel-2.jpg\" alt=\"Fran\u00e7ois Morel\" width=\"250\" \/><figcaption id=\"caption-attachment-17958\" class=\"wp-caption-text\">Fran\u00e7ois Morel<br \/>2024 \u00a9 Fran\u00e7ois Morel<\/figcaption><\/figure>\n<p>Fran\u00e7ois Morel, massone della Gran Loggia dell&#8217;Alleanza Massonica Francese (GL-AMF), \u00e8 un illustratore specializzato in vignette massoniche. Ha contribuito a diverse edizioni del libretto delle vacanze massoniche (Tr\u00e9daniel). Insieme a Jacques Carletto, ha pubblicato Les Secrets de la m\u00e9thode ma\u00e7onnique (Dervy-Livres, 2020).<br \/>\nSi segnalano due album di successo con disegni e testi umoristici: Les Colonnes sont muettes (Ed. Scribe, 2018) e Il en est de m\u00eame \u00e0 l&#8217;Orient (Numerilivre Eds, 2022). I suoi disegni sono pubblicati regolarmente sui siti web <a href=\"https:\/\/hiram.be\" rel=\"noopener\" target=\"_blank\">hiram.be<\/a> e <a href=\"https:\/\/450.fm\/\" rel=\"noopener\" target=\"_blank\">450.fm<\/a>.<\/p>\n<p>&nbsp;<\/p>\n","protected":false},"excerpt":{"rendered":"<p>Conferenza con discussioni e una sessione di firme con gli autori e illustratori <strong>Didier Convard<\/strong>, <strong>Denis Falque<\/strong> e <strong>Fran\u00e7ois Morel,<\/strong> che viaggeranno da Parigi appositamente per l&#8217;evento. <\/p>\n","protected":false},"author":1,"featured_media":18049,"template":"","meta":{"_acf_changed":false,"_tribe_events_status":"","_tribe_events_status_reason":"","_tribe_events_is_hybrid":"","_tribe_events_is_virtual":"","_tribe_events_virtual_video_source":"","_tribe_events_virtual_embed_video":"","_tribe_events_virtual_linked_button_text":"","_tribe_events_virtual_linked_button":"","_tribe_events_virtual_show_embed_at":"","_tribe_events_virtual_show_embed_to":[],"_tribe_events_virtual_show_on_event":"","_tribe_events_virtual_show_on_views":"","_tribe_events_virtual_url":"","footnotes":""},"tags":[],"tribe_events_cat":[1814],"class_list":["post-18005","tribe_events","type-tribe_events","status-publish","has-post-thumbnail","hentry","tribe_events_cat-conferenza","cat_conferenza"],"acf":[],"aioseo_notices":[],"_links":{"self":[{"href":"https:\/\/freimaurermuseum.ch\/it\/wp-json\/wp\/v2\/tribe_events\/18005","targetHints":{"allow":["GET"]}}],"collection":[{"href":"https:\/\/freimaurermuseum.ch\/it\/wp-json\/wp\/v2\/tribe_events"}],"about":[{"href":"https:\/\/freimaurermuseum.ch\/it\/wp-json\/wp\/v2\/types\/tribe_events"}],"author":[{"embeddable":true,"href":"https:\/\/freimaurermuseum.ch\/it\/wp-json\/wp\/v2\/users\/1"}],"version-history":[{"count":0,"href":"https:\/\/freimaurermuseum.ch\/it\/wp-json\/wp\/v2\/tribe_events\/18005\/revisions"}],"wp:featuredmedia":[{"embeddable":true,"href":"https:\/\/freimaurermuseum.ch\/it\/wp-json\/wp\/v2\/media\/18049"}],"wp:attachment":[{"href":"https:\/\/freimaurermuseum.ch\/it\/wp-json\/wp\/v2\/media?parent=18005"}],"wp:term":[{"taxonomy":"post_tag","embeddable":true,"href":"https:\/\/freimaurermuseum.ch\/it\/wp-json\/wp\/v2\/tags?post=18005"},{"taxonomy":"tribe_events_cat","embeddable":true,"href":"https:\/\/freimaurermuseum.ch\/it\/wp-json\/wp\/v2\/tribe_events_cat?post=18005"}],"curies":[{"name":"wp","href":"https:\/\/api.w.org\/{rel}","templated":true}]}}

<h4>Conferenza su “La Massoneria nei fumetti” discussioni e una sessione di firme con gli autori e disegnatori Didier Convard, Denis Falque e François Morel, che viaggeranno da Parigi appositamente per l&#8217;evento.</h4>
<p>La lingua della conferenza è il francese. L&#8217;ingresso è gratuito.</p>
<p>&nbsp;<br />
<strong>Programma</strong><br />

<div id="tablepress-11-scroll-wrapper" class="tablepress-scroll-wrapper">
<table id="tablepress-11" class="tablepress tablepress-id-11 tablepress-responsive">
<tbody>
<tr class="row-1">
	<td class="column-1">10:00</td><td class="column-2">Messaggio di benvenuto<br />
Robin Heizmann, Direttore del Museo</td>
</tr>
<tr class="row-2">
	<td class="column-1"></td><td class="column-2"><strong>Perché una mostra su “Massoneria e fumetti? </strong>.<br />
Dominique Alain Freymond, curatore della mostra e moderatore dei colloqui</td>
</tr>
<tr class="row-3">
	<td class="column-1">10:30</td><td class="column-2"><strong>I retroscena del successo delle serie “Il triangolo segreto” e “L'epopea della Massoneria”</strong>.<br />
Interviste con l'autore Didier Convard e l'illustratore Denis Falque<br />
Discussione con il pubblico</td>
</tr>
<tr class="row-4">
	<td class="column-1">11:15</td><td class="column-2">Visita commentata della mostra e firma del libro da parte di Didier Convard e Denis Falque</td>
</tr>
<tr class="row-5">
	<td class="column-1">12:00</td><td class="column-2">Apéro riche</td>
</tr>
<tr class="row-6">
	<td class="column-1">14:00</td><td class="column-2"><strong>L'umorismo nella Massoneria</strong><br />
Discussione con l'illustratore François Morel, autore di “Les colonnes sont muettes” e “Il en est de même à l'Orient”.<br />
Discussione con il pubblico</td>
</tr>
<tr class="row-7">
	<td class="column-1">15:15</td><td class="column-2">Visita commentata della mostra e firma del libro con François Morel</td>
</tr>
<tr class="row-8">
	<td class="column-1">16:30</td><td class="column-2">Fine dell'evento</td>
</tr>
</tbody>
</table>
</div>
<!-- #tablepress-11 from cache --><img decoding="async" class="aligncenter size-full wp-image-17972" src="https://freimaurermuseum.ch/wp-content/uploads/2025/01/Konf-I-Comics-1.png" alt="" width="600" srcset="https://freimaurermuseum.ch/wp-content/uploads/2025/01/Konf-I-Comics-1.png 1200w, https://freimaurermuseum.ch/wp-content/uploads/2025/01/Konf-I-Comics-1-300x150.png 300w, https://freimaurermuseum.ch/wp-content/uploads/2025/01/Konf-I-Comics-1-1024x512.png 1024w" sizes="(max-width: 1200px) 100vw, 1200px" /></p>
<p>&nbsp;</p>
<p><strong>Didier Convard &#8211; autore, illustratore e scenografo di successo</strong></p>
<figure id="attachment_17947" aria-describedby="caption-attachment-17947" style="width: 250px" class="wp-caption alignright eventbild"><img fetchpriority="high" decoding="async" class="wp-image-17947" src="https://freimaurermuseum.ch/wp-content/uploads/2025/01/Convard-Freymond-1.jpg" alt="Didier Convard &amp; Dominique Freymond" width="250" height="772" /><figcaption id="caption-attachment-17947" class="wp-caption-text">Didier Convard &amp; Dominique Freymond<br />2023 © La Région</figcaption></figure>
<p>Didier Convard è nato a Parigi nel 1950 ed è un amante dell&#8217;esoterismo, del fantasy e dell&#8217;insolito. Ha pubblicato i suoi primi disegni sulla rivista Saga e nel 1982, dopo François Bourgeon, si è occupato dei disegni delle avventure di Brunelle e Colin. Ha anche pubblicato una serie fantasy, Chats, con le Éditions Dargaud.<br />
Parallelamente alla sua carriera di illustratore, Didier Convard ha scritto numerosi scenari per Gine, tra cui Neige e Finkel. Il suo album Blake and Mortimer &#8211; The Immovable Adventure (1998) è stato tradotto in tedesco, inglese, spagnolo, italiano e portoghese. Nel 2000, in stretta collaborazione con l&#8217;illustratore Denis Falque e grazie a un team versatile, ha portato sul mercato i sette album della serie Il triangolo segreto. Il successo è stato travolgente e la serie è cresciuta fino a un totale di oltre 30 album, 4 edizioni speciali e diverse edizioni complete, con circa 3 milioni di copie vendute.<br />
Nel marzo 2025, Didier Convard completerà il 12° album della serie L&#8217;epopea della Massoneria, iniziata nel 2020. Didier è stato iniziato nella loggia “La Loi d&#8217;Action et Guillaume Tell réunis” n. 475 della Gran Loggia di Francia.</p>
<p>&nbsp;</p>
<p><strong>Denis Falque &#8211; l&#8217;illustratore di talento</strong></p>
<figure id="attachment_17954" aria-describedby="caption-attachment-17954" style="width: 250px" class="wp-caption alignright eventbild"><img decoding="async" class="wp-image-17954" src="https://freimaurermuseum.ch/wp-content/uploads/2025/01/Falque.jpg" alt="Denis Falque" width="250" srcset="https://freimaurermuseum.ch/wp-content/uploads/2025/01/Falque.jpg 361w, https://freimaurermuseum.ch/wp-content/uploads/2025/01/Falque-300x300.jpg 300w, https://freimaurermuseum.ch/wp-content/uploads/2025/01/Falque-150x150.jpg 150w" sizes="(max-width: 361px) 100vw, 361px" /><figcaption id="caption-attachment-17954" class="wp-caption-text">Denis Falque<br />© Francesca Mantovani, Editions Glénat</figcaption></figure>
<p>Denis Falque è nato a Lione il 12 giugno 1969 e si è formato come disegnatore presso l&#8217;École Émile Cohl. Dopo alcuni passaggi in un&#8217;agenzia pubblicitaria, ha deciso di avventurarsi nel mondo dei fumetti ed è diventato colorista, in particolare per Olivier Berlion e il suo Cadet des Soupetard. Nel 1994, ha disegnato la serie umoristica Graindazur (1994), poi il sognante Le Fond du Monde (1997) e infine Jane con Philippe Bonifay.<br />
Didier Convard e l&#8217;editore Glénat gli hanno chiesto il suo talento per il periodo moderno de Il triangolo segreto (2000). Il successo di questa collaborazione continua con I.N.R.I., Les Gardiens du Sang, Lacrima Christi e Rectificando. Dal 2020, è uno dei principali illustratori della serie L&#8217;épopée de la Franc-Maçonnerie (L&#8217;epopea della Massoneria). Denis Falque non è un massone.</p>
<p>&nbsp;</p>
<p><strong>François Morel &#8211; la grande finezza dell&#8217;umorismo massonico</strong></p>
<figure id="attachment_17958" aria-describedby="caption-attachment-17958" style="width: 250px" class="wp-caption alignright eventbild"><img decoding="async" class="wp-image-17958" src="https://freimaurermuseum.ch/wp-content/uploads/2025/01/Francois-Morel-2.jpg" alt="François Morel" width="250" /><figcaption id="caption-attachment-17958" class="wp-caption-text">François Morel<br />2024 © François Morel</figcaption></figure>
<p>François Morel, massone della Gran Loggia dell&#8217;Alleanza Massonica Francese (GL-AMF), è un illustratore specializzato in vignette massoniche. Ha contribuito a diverse edizioni del libretto delle vacanze massoniche (Trédaniel). Insieme a Jacques Carletto, ha pubblicato Les Secrets de la méthode maçonnique (Dervy-Livres, 2020).<br />
Si segnalano due album di successo con disegni e testi umoristici: Les Colonnes sont muettes (Ed. Scribe, 2018) e Il en est de même à l&#8217;Orient (Numerilivre Eds, 2022). I suoi disegni sono pubblicati regolarmente sui siti web <a href="https://hiram.be" rel="noopener" target="_blank">hiram.be</a> e <a href="https://450.fm/" rel="noopener" target="_blank">450.fm</a>.</p>
<p>&nbsp;</p>

<p>Conferenza con discussioni e una sessione di firme con gli autori e illustratori <strong>Didier Convard</strong>, <strong>Denis Falque</strong> e <strong>François Morel,</strong> che viaggeranno da Parigi appositamente per l&#8217;evento. </p>
