{"id":14906,"date":"2024-10-29T20:12:09","date_gmt":"2024-10-29T19:12:09","guid":{"rendered":"https:\/\/freimaurermuseum.ch\/fms-neu\/histoire-du-musee\/"},"modified":"2024-11-10T17:15:50","modified_gmt":"2024-11-10T16:15:50","slug":"histoire-du-musee","status":"publish","type":"page","link":"https:\/\/freimaurermuseum.ch\/fr\/histoire-du-musee\/","title":{"rendered":"Histoire du mus\u00e9e"},"content":{"rendered":"<h1>Histoire du mus\u00e9e<\/h1>\n<p><a href=\"https:\/\/freimaurermuseum.ch\/wp-content\/uploads\/2016\/01\/FM-Museum_004.jpg\"><img decoding=\"async\" class=\"alignright size-large wp-image-197\" src=\"https:\/\/freimaurermuseum.ch\/wp-content\/uploads\/2016\/01\/FM-Museum_004-1024x684.jpg\" alt=\"\" width=\"350\" srcset=\"https:\/\/freimaurermuseum.ch\/wp-content\/uploads\/2016\/01\/FM-Museum_004-1024x684.jpg 1024w, https:\/\/freimaurermuseum.ch\/wp-content\/uploads\/2016\/01\/FM-Museum_004-600x401.jpg 600w, https:\/\/freimaurermuseum.ch\/wp-content\/uploads\/2016\/01\/FM-Museum_004-300x200.jpg 300w, https:\/\/freimaurermuseum.ch\/wp-content\/uploads\/2016\/01\/FM-Museum_004-768x513.jpg 768w, https:\/\/freimaurermuseum.ch\/wp-content\/uploads\/2016\/01\/FM-Museum_004.jpg 1600w\" sizes=\"(max-width: 1024px) 100vw, 1024px\" \/><\/a>D\u00e9j\u00e0 nombreux, les mus\u00e9es ne cessent de se multiplier. Plusieurs d\u2019entre eux sont de somptueux \u00e9difices disposant d\u2019importants moyens financiers et affichant fi\u00e8rement leur splendeur. D\u2019autres, en revanche, doivent se contenter de peu et lutter pour leur survie. Pourtant, ils aspirent tous \u00e0 la consid\u00e9ration du public \u2013 c\u2019est l\u00e0 leur finalit\u00e9 \u2013 et ce qui appara\u00eet actuellement comme une posture tr\u00e8s en vogue. Fallait-il d\u00e8s lors que les Francs-Ma\u00e7ons se pr\u00eatent \u00e0 ce jeu-l\u00e0, eux qui cultivent depuis toujours retenue et discr\u00e9tion face \u00e0 la collectivit\u00e9? Un petit groupe de pr\u00e9curseurs passionn\u00e9s a pourtant entam\u00e9 un long p\u00e9riple en vue de cr\u00e9er le premier mus\u00e9e ma\u00e7onnique suisse. Ils savaient combien les Francs-Ma\u00e7ons attireraient l\u2019attention du public, mais savaient aussi qu\u2019ignorer cet int\u00e9r\u00eat \u00e0 leur \u00e9gard laisserait le champ libre \u00e0 d\u2019autres acteurs pr\u00e9tentieux qui se targuent de tout savoir sur la Franc-Ma\u00e7onnerie et s\u2019ing\u00e9nient \u00e0 l\u2019incriminer de tous les maux parce qu\u2019il faut un bouc \u00e9missaire. Il \u00e9tait donc temps de s\u2019ouvrir. Sachant quelle importance rev\u00eat la philosophie ma\u00e7onnique propre \u00e0 transcender les fronti\u00e8res, cette ouverture a de quoi rassurer et r\u00e9jouir \u00e0 une \u00e9poque o\u00f9 le repli sur soi et la sauvegarde des int\u00e9r\u00eats particuliers sont roi.<\/p>\n<p><a href=\"https:\/\/freimaurermuseum.ch\/wp-content\/uploads\/2016\/11\/FMS_Teppich_014.jpg\"><img decoding=\"async\" class=\"alignright size-large wp-image-1621\" src=\"https:\/\/freimaurermuseum.ch\/wp-content\/uploads\/2016\/11\/FMS_Teppich_014-1024x626.jpg\" alt=\"\" width=\"350\" srcset=\"https:\/\/freimaurermuseum.ch\/wp-content\/uploads\/2016\/11\/FMS_Teppich_014-1024x626.jpg 1024w, https:\/\/freimaurermuseum.ch\/wp-content\/uploads\/2016\/11\/FMS_Teppich_014-600x367.jpg 600w, https:\/\/freimaurermuseum.ch\/wp-content\/uploads\/2016\/11\/FMS_Teppich_014-300x183.jpg 300w, https:\/\/freimaurermuseum.ch\/wp-content\/uploads\/2016\/11\/FMS_Teppich_014-250x153.jpg 250w, https:\/\/freimaurermuseum.ch\/wp-content\/uploads\/2016\/11\/FMS_Teppich_014-550x336.jpg 550w, https:\/\/freimaurermuseum.ch\/wp-content\/uploads\/2016\/11\/FMS_Teppich_014-800x489.jpg 800w, https:\/\/freimaurermuseum.ch\/wp-content\/uploads\/2016\/11\/FMS_Teppich_014-295x180.jpg 295w, https:\/\/freimaurermuseum.ch\/wp-content\/uploads\/2016\/11\/FMS_Teppich_014-491x300.jpg 491w, https:\/\/freimaurermuseum.ch\/wp-content\/uploads\/2016\/11\/FMS_Teppich_014-818x500.jpg 818w, https:\/\/freimaurermuseum.ch\/wp-content\/uploads\/2016\/11\/FMS_Teppich_014.jpg 1280w\" sizes=\"(max-width: 1024px) 100vw, 1024px\" \/><\/a>Cr\u00e9er un mus\u00e9e c\u2019est d\u2019abord en d\u00e9finir l\u2019emplacement. Pour le Mus\u00e9e ma\u00e7onnique suisse, la r\u00e9ponse \u00e9tait vite trouv\u00e9e puisqu\u2019une opportunit\u00e9 s\u2019offrait \u00e0 la \u00ab Fondation Maison des Francs-Ma\u00e7ons \u00bb caressant de longue date un projet ambitieux. Par l\u2019acquisition et la transformation du Central t\u00e9l\u00e9phonique Swisscom de la Jupiterstrasse 40 \u00e0 Berne, la fondation mettait sur pied la Maison des Francs-Ma\u00e7ons. Son 3e \u00e9tage allait abriter le si\u00e8ge de la Grande Loge Suisse Alpina (GLSA) en mai 2013. Quant \u00e0 l\u2019ancien atelier Swisscom du deuxi\u00e8me \u00e9tage, il serait vou\u00e9 au mus\u00e9e, une d\u00e9cision qui avait germ\u00e9 tr\u00e8s t\u00f4t d\u00e9j\u00e0. La mise en \u0153uvre, l\u2019exploitation et le d\u00e9veloppement du mus\u00e9e seraient pris en charge par l\u2019Association du Mus\u00e9e GLSA, cr\u00e9\u00e9e la m\u00eame ann\u00e9e. Gr\u00e2ce aux dons et pr\u00eats octroy\u00e9s par des Francs-Ma\u00e7ons, des Loges et la GLSA, et gr\u00e2ce aussi \u00e0 la bonne disposition de collectionneurs Francs-Ma\u00e7ons et de Loges visant \u00e0 l\u00e9guer ou offrir en pr\u00eat des pi\u00e8ces d\u2019exposition, le mus\u00e9e a pu \u00eatre construit, am\u00e9nag\u00e9 et ouvert le 21 mars 2017, d\u2019abord aux Francs-Ma\u00e7ons, \u00e0 leurs proches et connaissances, puis le 4 novembre 2018, au grand public.<\/p>\n<p><a href=\"https:\/\/freimaurermuseum.ch\/wp-content\/uploads\/2016\/11\/FMS_Teppich_009.jpg\"><img decoding=\"async\" class=\"alignright size-large wp-image-1601\" src=\"https:\/\/freimaurermuseum.ch\/wp-content\/uploads\/2016\/11\/FMS_Teppich_009-1024x635.jpg\" alt=\"\" width=\"350\" srcset=\"https:\/\/freimaurermuseum.ch\/wp-content\/uploads\/2016\/11\/FMS_Teppich_009-1024x635.jpg 1024w, https:\/\/freimaurermuseum.ch\/wp-content\/uploads\/2016\/11\/FMS_Teppich_009-600x372.jpg 600w, https:\/\/freimaurermuseum.ch\/wp-content\/uploads\/2016\/11\/FMS_Teppich_009-300x186.jpg 300w, https:\/\/freimaurermuseum.ch\/wp-content\/uploads\/2016\/11\/FMS_Teppich_009-250x155.jpg 250w, https:\/\/freimaurermuseum.ch\/wp-content\/uploads\/2016\/11\/FMS_Teppich_009-550x341.jpg 550w, https:\/\/freimaurermuseum.ch\/wp-content\/uploads\/2016\/11\/FMS_Teppich_009-800x496.jpg 800w, https:\/\/freimaurermuseum.ch\/wp-content\/uploads\/2016\/11\/FMS_Teppich_009-290x180.jpg 290w, https:\/\/freimaurermuseum.ch\/wp-content\/uploads\/2016\/11\/FMS_Teppich_009-484x300.jpg 484w, https:\/\/freimaurermuseum.ch\/wp-content\/uploads\/2016\/11\/FMS_Teppich_009-806x500.jpg 806w, https:\/\/freimaurermuseum.ch\/wp-content\/uploads\/2016\/11\/FMS_Teppich_009.jpg 1280w\" sizes=\"(max-width: 1024px) 100vw, 1024px\" \/><\/a>Les deux tiers de sa surface de 300m2 illustrent l\u2019histoire de la Franc-Ma\u00e7onnerie suisse et internationale. Elle sensibilise le visiteur au monde spirituel et rituel de celle-ci et affiche de fa\u00e7on exemplaire son rayonnement mondial dans bien des domaines de la vie publique et culturelle. Un troisi\u00e8me tiers est r\u00e9serv\u00e9 \u00e0 des manifestations et aux expositions temporaires. Jalonn\u00e9 de mises en sc\u00e8ne avec textes explicatifs, le mus\u00e9e permet de s\u2019approprier la Franc-Ma\u00e7onnerie et d\u2019en p\u00e9n\u00e9trer les aspects inconnus de mani\u00e8re instructive, \u00e9vocatrice et accessible tant pour le profane que pour le connaisseur. \u00c0 noter qu\u2019un Franc-Ma\u00e7on encadre chaque visite, fournit les informations ad\u00e9quates et r\u00e9pond \u00e0 toutes les questions. Le dialogue est essentiel. Le mus\u00e9e n\u2019est pas seulement un endroit o\u00f9 se transmet l\u2019information, il est aussi et surtout un forum d\u2019\u00e9changes et de discussion\u2026 C\u2019est pourquoi nous vous souhaitons d\u2019ores et d\u00e9j\u00e0 beaucoup de plaisir lors de votre visite! Lien pour <a href=\"https:\/\/freimaurermuseum.ch\/wp-content\/uploads\/2021\/03\/Museumsgeschichte-Chronik-Teil-1-DE.pdf\" target=\"_blank\" rel=\"noopener\">t\u00e9l\u00e9charger l\u2019historique du mus\u00e9e \u2013 Chronique 1re partie<\/a> (PDF)<\/p>\n","protected":false},"excerpt":{"rendered":"<p>D\u00e9j\u00e0 nombreux, les mus\u00e9es ne cessent de se multiplier. Plusieurs d\u2019entre eux sont de somptueux \u00e9difices disposant d\u2019importants moyens financiers et affichant fi\u00e8rement leur splendeur.<\/p>\n","protected":false},"author":1,"featured_media":0,"parent":0,"menu_order":0,"comment_status":"closed","ping_status":"closed","template":"","meta":{"_acf_changed":false,"footnotes":""},"class_list":["post-14906","page","type-page","status-publish","hentry"],"acf":[],"aioseo_notices":[],"_links":{"self":[{"href":"https:\/\/freimaurermuseum.ch\/fr\/wp-json\/wp\/v2\/pages\/14906","targetHints":{"allow":["GET"]}}],"collection":[{"href":"https:\/\/freimaurermuseum.ch\/fr\/wp-json\/wp\/v2\/pages"}],"about":[{"href":"https:\/\/freimaurermuseum.ch\/fr\/wp-json\/wp\/v2\/types\/page"}],"author":[{"embeddable":true,"href":"https:\/\/freimaurermuseum.ch\/fr\/wp-json\/wp\/v2\/users\/1"}],"replies":[{"embeddable":true,"href":"https:\/\/freimaurermuseum.ch\/fr\/wp-json\/wp\/v2\/comments?post=14906"}],"version-history":[{"count":0,"href":"https:\/\/freimaurermuseum.ch\/fr\/wp-json\/wp\/v2\/pages\/14906\/revisions"}],"wp:attachment":[{"href":"https:\/\/freimaurermuseum.ch\/fr\/wp-json\/wp\/v2\/media?parent=14906"}],"curies":[{"name":"wp","href":"https:\/\/api.w.org\/{rel}","templated":true}]}}

Histoire du musée

<h1>Histoire du musée</h1>
<p><a href="https://freimaurermuseum.ch/wp-content/uploads/2016/01/FM-Museum_004.jpg"><img decoding="async" class="alignright size-large wp-image-197" src="https://freimaurermuseum.ch/wp-content/uploads/2016/01/FM-Museum_004-1024x684.jpg" alt="" width="350" srcset="https://freimaurermuseum.ch/wp-content/uploads/2016/01/FM-Museum_004-1024x684.jpg 1024w, https://freimaurermuseum.ch/wp-content/uploads/2016/01/FM-Museum_004-600x401.jpg 600w, https://freimaurermuseum.ch/wp-content/uploads/2016/01/FM-Museum_004-300x200.jpg 300w, https://freimaurermuseum.ch/wp-content/uploads/2016/01/FM-Museum_004-768x513.jpg 768w, https://freimaurermuseum.ch/wp-content/uploads/2016/01/FM-Museum_004.jpg 1600w" sizes="(max-width: 1024px) 100vw, 1024px" /></a>Déjà nombreux, les musées ne cessent de se multiplier. Plusieurs d’entre eux sont de somptueux édifices disposant d’importants moyens financiers et affichant fièrement leur splendeur. D’autres, en revanche, doivent se contenter de peu et lutter pour leur survie. Pourtant, ils aspirent tous à la considération du public – c’est là leur finalité – et ce qui apparaît actuellement comme une posture très en vogue. Fallait-il dès lors que les Francs-Maçons se prêtent à ce jeu-là, eux qui cultivent depuis toujours retenue et discrétion face à la collectivité? Un petit groupe de précurseurs passionnés a pourtant entamé un long périple en vue de créer le premier musée maçonnique suisse. Ils savaient combien les Francs-Maçons attireraient l’attention du public, mais savaient aussi qu’ignorer cet intérêt à leur égard laisserait le champ libre à d’autres acteurs prétentieux qui se targuent de tout savoir sur la Franc-Maçonnerie et s’ingénient à l’incriminer de tous les maux parce qu’il faut un bouc émissaire. Il était donc temps de s’ouvrir. Sachant quelle importance revêt la philosophie maçonnique propre à transcender les frontières, cette ouverture a de quoi rassurer et réjouir à une époque où le repli sur soi et la sauvegarde des intérêts particuliers sont roi.</p>
<p><a href="https://freimaurermuseum.ch/wp-content/uploads/2016/11/FMS_Teppich_014.jpg"><img decoding="async" class="alignright size-large wp-image-1621" src="https://freimaurermuseum.ch/wp-content/uploads/2016/11/FMS_Teppich_014-1024x626.jpg" alt="" width="350" srcset="https://freimaurermuseum.ch/wp-content/uploads/2016/11/FMS_Teppich_014-1024x626.jpg 1024w, https://freimaurermuseum.ch/wp-content/uploads/2016/11/FMS_Teppich_014-600x367.jpg 600w, https://freimaurermuseum.ch/wp-content/uploads/2016/11/FMS_Teppich_014-300x183.jpg 300w, https://freimaurermuseum.ch/wp-content/uploads/2016/11/FMS_Teppich_014-250x153.jpg 250w, https://freimaurermuseum.ch/wp-content/uploads/2016/11/FMS_Teppich_014-550x336.jpg 550w, https://freimaurermuseum.ch/wp-content/uploads/2016/11/FMS_Teppich_014-800x489.jpg 800w, https://freimaurermuseum.ch/wp-content/uploads/2016/11/FMS_Teppich_014-295x180.jpg 295w, https://freimaurermuseum.ch/wp-content/uploads/2016/11/FMS_Teppich_014-491x300.jpg 491w, https://freimaurermuseum.ch/wp-content/uploads/2016/11/FMS_Teppich_014-818x500.jpg 818w, https://freimaurermuseum.ch/wp-content/uploads/2016/11/FMS_Teppich_014.jpg 1280w" sizes="(max-width: 1024px) 100vw, 1024px" /></a>Créer un musée c’est d’abord en définir l’emplacement. Pour le Musée maçonnique suisse, la réponse était vite trouvée puisqu’une opportunité s’offrait à la « Fondation Maison des Francs-Maçons » caressant de longue date un projet ambitieux. Par l’acquisition et la transformation du Central téléphonique Swisscom de la Jupiterstrasse 40 à Berne, la fondation mettait sur pied la Maison des Francs-Maçons. Son 3e étage allait abriter le siège de la Grande Loge Suisse Alpina (GLSA) en mai 2013. Quant à l’ancien atelier Swisscom du deuxième étage, il serait voué au musée, une décision qui avait germé très tôt déjà. La mise en œuvre, l’exploitation et le développement du musée seraient pris en charge par l’Association du Musée GLSA, créée la même année. Grâce aux dons et prêts octroyés par des Francs-Maçons, des Loges et la GLSA, et grâce aussi à la bonne disposition de collectionneurs Francs-Maçons et de Loges visant à léguer ou offrir en prêt des pièces d’exposition, le musée a pu être construit, aménagé et ouvert le 21 mars 2017, d’abord aux Francs-Maçons, à leurs proches et connaissances, puis le 4 novembre 2018, au grand public.</p>
<p><a href="https://freimaurermuseum.ch/wp-content/uploads/2016/11/FMS_Teppich_009.jpg"><img decoding="async" class="alignright size-large wp-image-1601" src="https://freimaurermuseum.ch/wp-content/uploads/2016/11/FMS_Teppich_009-1024x635.jpg" alt="" width="350" srcset="https://freimaurermuseum.ch/wp-content/uploads/2016/11/FMS_Teppich_009-1024x635.jpg 1024w, https://freimaurermuseum.ch/wp-content/uploads/2016/11/FMS_Teppich_009-600x372.jpg 600w, https://freimaurermuseum.ch/wp-content/uploads/2016/11/FMS_Teppich_009-300x186.jpg 300w, https://freimaurermuseum.ch/wp-content/uploads/2016/11/FMS_Teppich_009-250x155.jpg 250w, https://freimaurermuseum.ch/wp-content/uploads/2016/11/FMS_Teppich_009-550x341.jpg 550w, https://freimaurermuseum.ch/wp-content/uploads/2016/11/FMS_Teppich_009-800x496.jpg 800w, https://freimaurermuseum.ch/wp-content/uploads/2016/11/FMS_Teppich_009-290x180.jpg 290w, https://freimaurermuseum.ch/wp-content/uploads/2016/11/FMS_Teppich_009-484x300.jpg 484w, https://freimaurermuseum.ch/wp-content/uploads/2016/11/FMS_Teppich_009-806x500.jpg 806w, https://freimaurermuseum.ch/wp-content/uploads/2016/11/FMS_Teppich_009.jpg 1280w" sizes="(max-width: 1024px) 100vw, 1024px" /></a>Les deux tiers de sa surface de 300m2 illustrent l’histoire de la Franc-Maçonnerie suisse et internationale. Elle sensibilise le visiteur au monde spirituel et rituel de celle-ci et affiche de façon exemplaire son rayonnement mondial dans bien des domaines de la vie publique et culturelle. Un troisième tiers est réservé à des manifestations et aux expositions temporaires. Jalonné de mises en scène avec textes explicatifs, le musée permet de s’approprier la Franc-Maçonnerie et d’en pénétrer les aspects inconnus de manière instructive, évocatrice et accessible tant pour le profane que pour le connaisseur. À noter qu’un Franc-Maçon encadre chaque visite, fournit les informations adéquates et répond à toutes les questions. Le dialogue est essentiel. Le musée n’est pas seulement un endroit où se transmet l’information, il est aussi et surtout un forum d’échanges et de discussion… C’est pourquoi nous vous souhaitons d’ores et déjà beaucoup de plaisir lors de votre visite! Lien pour <a href="https://freimaurermuseum.ch/wp-content/uploads/2021/03/Museumsgeschichte-Chronik-Teil-1-DE.pdf" target="_blank" rel="noopener">télécharger l’historique du musée – Chronique 1re partie</a> (PDF)</p>

<p>Déjà nombreux, les musées ne cessent de se multiplier. Plusieurs d’entre eux sont de somptueux édifices disposant d’importants moyens financiers et affichant fièrement leur splendeur.</p>
