{"id":14709,"date":"2016-01-07T10:50:59","date_gmt":"2016-01-07T09:50:59","guid":{"rendered":"https:\/\/freimaurermuseum.ch\/fms-neu\/principes-directeurs\/"},"modified":"2025-01-15T12:06:14","modified_gmt":"2025-01-15T11:06:14","slug":"principes-directeurs","status":"publish","type":"page","link":"https:\/\/freimaurermuseum.ch\/fr\/principes-directeurs\/","title":{"rendered":"Principes directeurs"},"content":{"rendered":"<h1>Principes directeurs<\/h1>\n<p><div class='content-column two_third'><div style=\"padding-right:30px;\">En tant qu\u2019institution autonome, le <em>Mus\u00e9e Ma\u00e7onnique Suisse<\/em> traite de la cr\u00e9ation, de l\u2019histoire et des contenus de la Franc-Ma\u00e7onnerie et en favorise le d\u00e9veloppement.<\/p>\n<p><strong>Le Mus\u00e9e :<\/strong><\/p>\n<ul>\n<li>Se place dans la tradition humaniste et d\u00e9fend les valeurs des Lumi\u00e8res<\/li>\n<li>Seconde la Grande Loge et ses Loges en repr\u00e9sentant la Franc-Ma\u00e7onnerie \u00e0 l\u2019\u00e9gard de tiers<\/li>\n<li>Contribue \u00e0 forger l\u2019identit\u00e9 de la Ma\u00e7onnerie suisse<\/li>\n<li>Stimule le sentiment d\u2019appartenance \u00e0 la communaut\u00e9 ma\u00e7onnique suisse<\/li>\n<li>Entretien les contacts avec les mus\u00e9es nationaux et internationaux \u00e0 vocation ma\u00e7onnique et autres ainsi qu\u2019avec les institutions apparent\u00e9es (p.ex. biblioth\u00e8ques, organismes de bienfaisance, institutions de recherche et de formation)<\/li>\n<li>Contribue \u00e0 la formation et aux \u00e9changes constructifs (p. ex. par des expositions temporaires, des expos\u00e9s et colloques ainsi que des manifestations culturelles)<\/li>\n<\/ul><\/div><\/div><div class='content-column one_third last_column'><figure id=\"attachment_2106\" aria-describedby=\"caption-attachment-2106\" style=\"width: 800px\" class=\"wp-caption alignright\"><a href=\"https:\/\/freimaurermuseum.ch\/wp-content\/uploads\/2018\/10\/FMM-highres_028.jpg\"><img fetchpriority=\"high\" decoding=\"async\" class=\"size-large wp-image-2106\" src=\"https:\/\/freimaurermuseum.ch\/wp-content\/uploads\/2018\/10\/FMM-highres_028-1024x653.jpg\" alt=\"\" width=\"800\" height=\"510\" srcset=\"https:\/\/freimaurermuseum.ch\/wp-content\/uploads\/2018\/10\/FMM-highres_028-1024x653.jpg 1024w, https:\/\/freimaurermuseum.ch\/wp-content\/uploads\/2018\/10\/FMM-highres_028-600x383.jpg 600w, https:\/\/freimaurermuseum.ch\/wp-content\/uploads\/2018\/10\/FMM-highres_028-300x191.jpg 300w, https:\/\/freimaurermuseum.ch\/wp-content\/uploads\/2018\/10\/FMM-highres_028-250x160.jpg 250w, https:\/\/freimaurermuseum.ch\/wp-content\/uploads\/2018\/10\/FMM-highres_028-550x351.jpg 550w, https:\/\/freimaurermuseum.ch\/wp-content\/uploads\/2018\/10\/FMM-highres_028-800x511.jpg 800w, https:\/\/freimaurermuseum.ch\/wp-content\/uploads\/2018\/10\/FMM-highres_028-282x180.jpg 282w, https:\/\/freimaurermuseum.ch\/wp-content\/uploads\/2018\/10\/FMM-highres_028-470x300.jpg 470w, https:\/\/freimaurermuseum.ch\/wp-content\/uploads\/2018\/10\/FMM-highres_028-784x500.jpg 784w, https:\/\/freimaurermuseum.ch\/wp-content\/uploads\/2018\/10\/FMM-highres_028.jpg 1600w\" sizes=\"(max-width: 800px) 100vw, 800px\" \/><\/a><figcaption id=\"caption-attachment-2106\" class=\"wp-caption-text\">Mus\u00e9e Ma\u00e7onnique Suisse<\/figcaption><\/figure><\/div><div class='clear_column'><\/div><\/p>\n","protected":false},"excerpt":{"rendered":"<p>En tant qu\u2019institution autonome, le Mus\u00e9e Ma\u00e7onnique Suisse traite de la cr\u00e9ation, de l\u2019histoire et des contenus de la Franc-Ma\u00e7onnerie et en favorise le d\u00e9veloppement.<\/p>\n","protected":false},"author":1,"featured_media":0,"parent":0,"menu_order":0,"comment_status":"closed","ping_status":"closed","template":"","meta":{"_acf_changed":false,"footnotes":""},"class_list":["post-14709","page","type-page","status-publish","hentry"],"acf":[],"aioseo_notices":[],"_links":{"self":[{"href":"https:\/\/freimaurermuseum.ch\/fr\/wp-json\/wp\/v2\/pages\/14709","targetHints":{"allow":["GET"]}}],"collection":[{"href":"https:\/\/freimaurermuseum.ch\/fr\/wp-json\/wp\/v2\/pages"}],"about":[{"href":"https:\/\/freimaurermuseum.ch\/fr\/wp-json\/wp\/v2\/types\/page"}],"author":[{"embeddable":true,"href":"https:\/\/freimaurermuseum.ch\/fr\/wp-json\/wp\/v2\/users\/1"}],"replies":[{"embeddable":true,"href":"https:\/\/freimaurermuseum.ch\/fr\/wp-json\/wp\/v2\/comments?post=14709"}],"version-history":[{"count":0,"href":"https:\/\/freimaurermuseum.ch\/fr\/wp-json\/wp\/v2\/pages\/14709\/revisions"}],"wp:attachment":[{"href":"https:\/\/freimaurermuseum.ch\/fr\/wp-json\/wp\/v2\/media?parent=14709"}],"curies":[{"name":"wp","href":"https:\/\/api.w.org\/{rel}","templated":true}]}}

<h1>Principes directeurs</h1>
<p><div class='content-column two_third'><div style="padding-right:30px;">En tant qu’institution autonome, le <em>Musée Maçonnique Suisse</em> traite de la création, de l’histoire et des contenus de la Franc-Maçonnerie et en favorise le développement.</p>
<p><strong>Le Musée :</strong></p>
<ul>
<li>Se place dans la tradition humaniste et défend les valeurs des Lumières</li>
<li>Seconde la Grande Loge et ses Loges en représentant la Franc-Maçonnerie à l’égard de tiers</li>
<li>Contribue à forger l’identité de la Maçonnerie suisse</li>
<li>Stimule le sentiment d’appartenance à la communauté maçonnique suisse</li>
<li>Entretien les contacts avec les musées nationaux et internationaux à vocation maçonnique et autres ainsi qu’avec les institutions apparentées (p.ex. bibliothèques, organismes de bienfaisance, institutions de recherche et de formation)</li>
<li>Contribue à la formation et aux échanges constructifs (p. ex. par des expositions temporaires, des exposés et colloques ainsi que des manifestations culturelles)</li>
</ul></div></div><div class='content-column one_third last_column'><figure id="attachment_2106" aria-describedby="caption-attachment-2106" style="width: 800px" class="wp-caption alignright"><a href="https://freimaurermuseum.ch/wp-content/uploads/2018/10/FMM-highres_028.jpg"><img fetchpriority="high" decoding="async" class="size-large wp-image-2106" src="https://freimaurermuseum.ch/wp-content/uploads/2018/10/FMM-highres_028-1024x653.jpg" alt="" width="800" height="510" srcset="https://freimaurermuseum.ch/wp-content/uploads/2018/10/FMM-highres_028-1024x653.jpg 1024w, https://freimaurermuseum.ch/wp-content/uploads/2018/10/FMM-highres_028-600x383.jpg 600w, https://freimaurermuseum.ch/wp-content/uploads/2018/10/FMM-highres_028-300x191.jpg 300w, https://freimaurermuseum.ch/wp-content/uploads/2018/10/FMM-highres_028-250x160.jpg 250w, https://freimaurermuseum.ch/wp-content/uploads/2018/10/FMM-highres_028-550x351.jpg 550w, https://freimaurermuseum.ch/wp-content/uploads/2018/10/FMM-highres_028-800x511.jpg 800w, https://freimaurermuseum.ch/wp-content/uploads/2018/10/FMM-highres_028-282x180.jpg 282w, https://freimaurermuseum.ch/wp-content/uploads/2018/10/FMM-highres_028-470x300.jpg 470w, https://freimaurermuseum.ch/wp-content/uploads/2018/10/FMM-highres_028-784x500.jpg 784w, https://freimaurermuseum.ch/wp-content/uploads/2018/10/FMM-highres_028.jpg 1600w" sizes="(max-width: 800px) 100vw, 800px" /></a><figcaption id="caption-attachment-2106" class="wp-caption-text">Musée Maçonnique Suisse</figcaption></figure></div><div class='clear_column'></div></p>

<p>En tant qu’institution autonome, le Musée Maçonnique Suisse traite de la création, de l’histoire et des contenus de la Franc-Maçonnerie et en favorise le développement.</p>
